3383?
4
What is the thousands digit of 1722836553?
6
What is the units digit of 2941249175?
5
What is the millions digit of 298868506?
8
What is the ten thousands digit of 224594042?
9
What is the tens digit of 46466352?
5
What is the ten thousands digit of 269590317?
9
What is the hundreds digit of 383993152?
1
What is the ten thousands digit of 73753821?
5
What is the tens digit of 17730317?
1
What is the millions digit of 7470817?
7
What is the units digit of 2282223358?
8
What is the hundreds digit of 1728389749?
7
What is the hundred millions digit of 413417945?
4
What is the ten millions digit of 80639593?
8
What is the hundreds digit of 35161953?
9
What is the ten thousands digit of 34651356?
5
What is the hundred thousands digit of 66770198?
7
What is the hundred millions digit of 3044516125?
0
What is the thousands digit of 3627763666?
3
What is the tens digit of 209882425?
2
What is the hundred thousands digit of 825304519?
3
What is the millions digit of 78072750?
8
What is the hundred thousands digit of 262875023?
8
What is the tens digit of 215354570?
7
What is the millions digit of 5379350653?
9
What is the ten thousands digit of 2170171450?
7
What is the ten thousands digit of 205332920?
3
What is the tens digit of 25247169?
6
What is the ten thousands digit of 34983780?
8
What is the tens digit of 485644486?
8
What is the ten millions digit of 29388124?
2
What is the hundreds digit of 8522901?
9
What is the units digit of 363041760?
0
What is the hundred millions digit of 560202219?
5
What is the tens digit of 51816080?
8
What is the millions digit of 1906845817?
6
What is the ten thousands digit of 97762356?
6
What is the hundreds digit of 794048146?
1
What is the tens digit of 41263819?
1
What is the hundred millions digit of 158835416?
1
What is the billions digit of 2734093557?
2
What is the millions digit of 388565984?
8
What is the tens digit of 197431197?
9
What is the hundred thousands digit of 931503708?
5
What is the ten thousands digit of 1761418329?
1
What is the ten millions digit of 320778817?
2
What is the hundred millions digit of 156147837?
1
What is the thousands digit of 150044899?
4
What is the hundred thousands digit of 4433695302?
6
What is the units digit of 228471749?
9
What is the ten thousands digit of 3224669544?
6
What is the tens digit of 223915694?
9
What is the ten thousands digit of 3627341279?
4
What is the hundred thousands digit of 119926177?
9
What is the hundred millions digit of 797252796?
7
What is the ten thousands digit of 4157954919?
5
What is the tens digit of 213798062?
6
What is the ten thousands digit of 1308282741?
8
What is the hundred millions digit of 1377284698?
3
What is the thousands digit of 635748992?
8
What is the hundred millions digit of 3007547273?
0
What is the hundreds digit of 176797451?
4
What is the tens digit of 61908911?
1
What is the millions digit of 43270001?
3
What is the ten millions digit of 434329984?
3
What is the millions digit of 3687904530?
7
What is the ten millions digit of 204902212?
0
What is the hundred millions digit of 4387139883?
3
What is the hundred millions digit of 428968698?
4
What is the millions digit of 389937130?
9
What is the tens digit of 1045376876?
7
What is the hundred thousands digit of 1136765086?
7
What is the hundred thousands digit of 6387287787?
2
What is the hundreds digit of 36601620?
6
What is the thousands digit of 12401981?
1
What is the hundreds digit of 155064714?
7
What is the hundred thousands digit of 169436795?
4
What is the tens digit of 86008165?
6
What is the ten thousands digit of 2147682948?
8
What is the millions digit of 1058944430?
8
What is the ten millions digit of 27254317?
2
What is the tens digit of 91179331?
3
What is the units digit of 5655446593?
3
What is the billions digit of 1201276274?
1
What is the hundred thousands digit of 90416433?
4
What is the units digit of 432088730?
0
What is the thousands digit of 10983460?
3
What is the millions digit of 63827644?
3
What is the hundred millions digit of 1628181165?
6
What is the units digit of 1262108418?
8
What is the hundred thousands digit of 566850825?
8
What is the hundreds digit of 221983957?
9
What is the ten millions digit of 791932627?
9
What is the hundred thousands digit of 973051956?
0
What is the tens digit of 33707448?
4
What is the ten millions digit of 740032554?
4
What is the ten millions digit of 20456260?
2
What is the hundred millions digit of 891385806?
8
What is the tens digit of 38329270?
7
What is the hundred thousands digit of 116024067?
0
What is the ten millions digit of 1482204892?
8
What is the units digit of 35050297?
7
What is the thousands digit of 838763096?
3
What is the tens digit of 4561730?
3
What is the hundreds digit of 185708614?
6
What is the hundreds digit of 3442567047?
0
What is the hundred millions digit of 2479779258?
4
What is the millions digit of 428860415?
8
What is the thousands digit of 29264974?
4
What is the hundreds digit of 1133925544?
5
What is the hundred thousands digit of 69447272?
4
What is the tens digit of 61313400?
0
What is the thousands digit of 183762561?
2
What is the hundred thousands digit of 623506472?
5
What is the hundreds digit of 99370086?
0
What is the hundreds digit of 574548539?
5
What is the millions digit of 47639975?
7
What is the thousands digit of 407726626?
6
What is the units digit of 6836831?
1
What is the tens digit of 1405833778?
7
What is the ten thousands digit of 2343325164?
2
What is the ten thousands digit of 1888957907?
5
What is the hundreds digit of 93398376?
3
What is the thousands digit of 79931066?
1
What is the millions digit of 2883928116?
3
What is the ten millions digit of 1107554132?
0
What is the tens digit of 2152273921?
2
What is the millions digit of 829068964?
9
What is the units digit of 116909401?
1
What is the units digit of 2857289?
9
What is the hundred thousands digit of 72181670?
1
What is the ten thousands digit of 13574936?
7
What is the thousands digit of 159366514?
6
What is the tens digit of 2878167213?
1
What is the hundred millions digit of 316004771?
3
What is the hundred thousands digit of 11817332?
8
What is the thousands digit of 325558123?
8
What is the millions digit of 67283631?
7
What is the tens digit of 3317662654?
5
What is the thousands digit of 84176288?
6
What is the millions digit of 69270960?
9
What is the thousands digit of 67734152?
4
What is the hundreds digit of 234159721?
7
What is the ten millions digit of 5323597611?
2
What is the ten thousands digit of 388477988?
7
What is the millions digit of 368277028?
8
What is the millions digit of 244809894?
4
What is the ten millions digit of 1083427116?
8
What is the hundred thousands digit of 4447002982?
0
What is the ten millions digit of 235685653?
3
What is the ten thousands digit of 50399530?
9
What is the ten thousands digit of 153486686?
8
What is the hundred millions digit of 2890349077?
8
What is the hundreds digit of 71022763?
7
What is the units digit of 17829365?
5
What is the ten thousands digit of 4227888454?
8
What is the units digit of 75884905?
5
What is the hundred millions digit of 970319988?
9
What is the hundred millions digit of 4053037021?
0
What is the hundred thousands digit of 635601409?
6
What is the units digit of 428705314?
4
What is the units digit of 149692882?
2
What is the units digit of 1596798214?
4
What is the hundred thousands digit of 209337822?
3
What is the ten thousands digit of 3410966048?
6
What is the units digit of 993672824?
4
What is the thousands digit of 5411361537?
1
What is the millions digit of 4425198846?
5
What is the ten millions digit of 112496325?
1
What is the hundreds digit of 48434164?
1
What is the units digit of 4797481883?
3
What is the hundred thousands digit of 114303736?
3
What is the hundred thousands digit of 160773471?
7
What is the millions digit of 2371358299?
1
What is the ten thousands digit of 186283266?
8
What is the millions digit of 409791133?
9
What is the tens digit of 2352228129?
2
What is the tens digit of 9039867?
6
What is the hundreds digit of 153974618?
6
What is the hundreds digit of 2523600748?
7
What is the ten millions digit of 31316559?
3
What is the hundreds digit of 156